592
Calculate the remainder when 6035138 is divided by 3017566.
6
Calculate the remainder when 20016142 is divided by 2502000.
142
Calculate the remainder when 10682533 is divided by 110.
103
Calculate the remainder when 3832186 is divided by 69.
64
Calculate the remainder when 445082 is divided by 2419.
2405
What is the remainder when 760 is divided by 422?
338
Calculate the remainder when 14401481 is divided by 189.
59
Calculate the remainder when 7909430 is divided by 1186.
1182
Calculate the remainder when 1129410 is divided by 376407.
189
Calculate the remainder when 6509 is divided by 3210.
89
Calculate the remainder when 491586 is divided by 987.
60
Calculate the remainder when 1137918338 is divided by 2854.
2852
What is the remainder when 2634702 is divided by 5?
2
Calculate the remainder when 2959466 is divided by 3732.
3722
Calculate the remainder when 266901 is divided by 1739.
834
Calculate the remainder when 2679150 is divided by 206035.
695
Calculate the remainder when 77483126 is divided by 232.
230
What is the remainder when 1316919 is divided by 1316880?
39
What is the remainder when 556441 is divided by 786?
739
Calculate the remainder when 5085540 is divided by 419.
137
What is the remainder when 3933 is divided by 3361?
572
What is the remainder when 842799 is divided by 2273?
1789
Calculate the remainder when 3175367 is divided by 201.
170
Calculate the remainder when 175192 is divided by 58385.
37
What is the remainder when 24091717 is divided by 15114?
1
Calculate the remainder when 1394884 is divided by 457.
120
What is the remainder when 78523627 is divided by 15704724?
7
Calculate the remainder when 799952 is divided by 581.
496
Calculate the remainder when 1129741 is divided by 5169.
2899
Calculate the remainder when 12327905 is divided by 12327901.
4
What is the remainder when 32123 is divided by 1528?
35
What is the remainder when 267678 is divided by 5147?
34
What is the remainder when 463822 is divided by 34922?
9836
Calculate the remainder when 179407 is divided by 17936.
47
Calculate the remainder when 267626159 is divided by 460.
459
Calculate the remainder when 22636 is divided by 21570.
1066
What is the remainder when 4197819 is divided by 4197769?
50
What is the remainder when 17318168 is divided by 2453?
2441
Calculate the remainder when 5438275 is divided by 21.
10
Calculate the remainder when 2086742 is divided by 2838.
812
What is the remainder when 26415073 is divided by 41?
3
Calculate the remainder when 8924 is divided by 1471.
98
What is the remainder when 232815 is divided by 58054?
599
Calculate the remainder when 77545125 is divided by 1130.
5
What is the remainder when 12585496 is divided by 1564?
1552
What is the remainder when 112676855 is divided by 495?
5
Calculate the remainder when 227324 is divided by 3073.
2995
Calculate the remainder when 20704 is divided by 1382.
1356
Calculate the remainder when 8844 is divided by 342.
294
Calculate the remainder when 1270317 is divided by 1269782.
535
Calculate the remainder when 6416 is divided by 3080.
256
Calculate the remainder when 7317284 is divided by 668.
12
Calculate the remainder when 2348759 is divided by 104.
23
What is the remainder when 14526773 is divided by 5203?
5200
Calculate the remainder when 5918093 is divided by 1276.
5
Calculate the remainder when 29735 is divided by 690.
65
What is the remainder when 694918 is divided by 1448?
1326
What is the remainder when 1599837 is divided by 32?
29
What is the remainder when 442584 is divided by 26?
12
What is the remainder when 268092 is divided by 502?
24
Calculate the remainder when 2263947 is divided by 17151.
15
What is the remainder when 58100 is divided by 10277?
6715
What is the remainder when 3603526 is divided by 1201080?
286
What is the remainder when 279443 is divided by 1926?
173
Calculate the remainder when 37387774 is divided by 101.
99
What is the remainder when 103238601 is divided by 21589?
3
What is the remainder when 66600772 is divided by 1159?
1155
What is the remainder when 978871 is divided by 978844?
27
Calculate the remainder when 110021 is divided by 108416.
1605
What is the remainder when 382558210 is divided by 195?
190
What is the remainder when 68243180 is divided by 533?
525
Calculate the remainder when 181704 is divided by 124.
44
What is the remainder when 32225 is divided by 2127?
320
What is the remainder when 1472315 is divided by 4?
3
Calculate the remainder when 597019 is divided by 2714.
2653
Calculate the remainder when 2073664 is divided by 1305.
19
Calculate the remainder when 300035 is divided by 239.
90
What is the remainder when 56681793 is divided by 14170441?
29
Calculate the remainder when 2582782 is divided by 24.
22
What is the remainder when 381478 is divided by 381326?
152
What is the remainder when 911475 is divided by 107?
49
Calculate the remainder when 207536 is divided by 103554.
428
Calculate the remainder when 28018 is divided by 11684.
4650
What is the remainder when 20321 is divided by 5047?
133
Calculate the remainder when 1390115 is divided by 156.
155
Calculate the remainder when 211405 is divided by 138.
127
What is the remainder when 4904086 is divided by 3?
1
What is the remainder when 1576149 is divided by 223?
208
What is the remainder when 2343098 is divided by 10699?
17
What is the remainder when 1092437 is divided by 47?
16
Calculate the remainder when 748662260 is divided by 24361.
8
What is the remainder when 1227949 is divided by 1715?
9
What is the remainder when 3013085 is divided by 136958?
9
What is the remainder when 134917 is divided by 972?
781
What is the remainder when 1301913 is divided by 650951?
11
What is the remainder when 222700 is divided by 221644?
1056
What is the remainder when 89538 is divided by 29829?
51
What is the remainder when 10660 is divided by 560?
20
Calculate the remainder when 4000553 is divided by 2429.
2419
Calculate the remainder when 349862 is divided by 8330.
2
Calculate the remainder when 442855 is divided by 213.
28
Calculate the remainder when 12490715 is divided by 940.
935
What is the remainder when 2721346 is divided by 1788?
10
Calculate the remainder when 286842578 is divided by 1940.
1938
What is the remainder when 29386 is divided by 6309?
4150
What is the remainder when 84060 is divided by 1587?
1536
Calculate the remainder when 657221 is divided by 657200.
21
What is the remainder when 133788 is divided by 118?
94
What is the remainder when 180432 is divided by 16371?
351
Calculate the remainder when 112147 is divided by 112126.
21
What is the remainder when 23529 is divided by 1940?
249
Calculate the remainder when 109625 is divided by 193.
1
What is the remainder when 45288 is divided by 324?
252
Calculate the remainder when 3230471 is divided by 60.
11
Calculate the remainder when 282480 is divided by 25677.
33
What is the remainder when 363554317 is divided by 11?
5
What is the remainder when 3158075 is divided by 789486?
131
What is the remainder when 19186858 is divided by 78?
28
Calculate the remainder when 702461 is divided by 234066.
263
Calculate the remainder when 255034 is divided by 39.
13
What is the remainder when 196160 is divided by 48993?
188
Calculate the remainder when 1686736 is divided by 12585.
346
Calculate the remainder when 12538377 is divided by 1393140.
117
Calculate the remainder when 18761319 is divided by 199.
196
Calculate the remainder when 6770853 is divided by 2256949.
6
What is the remainder when 335633819 is divided by 985?
979
What is the remainder when 15266611 is divided by 1183?
1179
Calculate the remainder when 49028 is divided by 8000.
1028
What is the remainder when 5405588 is divided by 13?
6
Calculate the remainder when 54198 is divided by 10789.
253
What is the remainder when 1482505 is divided by 9585?
6415
What is the remainder when 2151363772 is divided by 14?
12
Calculate the remainder when 10127660 is divided by 53.
49
What is the remainder when 874854 is divided by 3027?
51
What is the remainder when 5067363 is divided by 1497?
18
Calculate the remainder when 18930 is divided by 18527.
403
What is the remainder when 1731983 is divided by 250?
233
Calculate the remainder when 18526905 is divided by 6.
3
Calcul